30011?
-10232230000
In base 10, what is 640 - -98381?
99021
In base 14, what is 540 + -33da6?
-33866
In base 9, what is 34214713 + 1?
34214714
In base 14, what is dd08b - 516?
dc975
In base 7, what is 5514654 + -14?
5514640
In base 3, what is -1002112 - 21021121?
-22101010
In base 3, what is -111222021 - -12021?
-111210000
In base 11, what is 2423741 - 8?
2423734
In base 12, what is 238a5a + -39?
238a21
In base 15, what is 120 + 335cd?
336ed
In base 3, what is 211 - -2222011020120?
2222011021101
In base 5, what is -1203 - -140234?
134031
In base 3, what is -121200122120010 + 1?
-121200122120002
In base 3, what is 22 - -2111212202201122?
2111212202201221
In base 7, what is -35 - 150615?
-150653
In base 13, what is -914c55a3 - 1?
-914c55a4
In base 8, what is 64671406 - -4?
64671412
In base 13, what is 162c0a3b - 2?
162c0a39
In base 3, what is 21211110211 + 1120112?
21220001100
In base 9, what is -5 - -64230852?
64230846
In base 15, what is 30970 - 66?
30909
In base 11, what is -65a87a9 - -25?
-65a8784
In base 14, what is -36d0933 - 3?
-36d0936
In base 16, what is 20 + 3d7?
3f7
In base 3, what is -1001002111 - 1110?
-1001010221
In base 8, what is -132537737 - -36?
-132537701
In base 4, what is 10032112 + -113302?
3312210
In base 4, what is -12 + 2113230101?
2113230023
In base 13, what is 3 + 36c6372?
36c6375
In base 3, what is -10111001212001 - 0?
-10111001212001
In base 11, what is a6a6 + 3418?
13013
In base 15, what is -9b80 - -584?
-95eb
In base 6, what is 402 + 5503014?
5503420
In base 11, what is -35 + -21985?
-21a0a
In base 11, what is -3a18432 + -1?
-3a18433
In base 16, what is 4 - 7431?
-742d
In base 10, what is 4192 - -312584?
316776
In base 11, what is 0 - 107175337?
-107175337
In base 6, what is 301041000 + 4?
301041004
In base 16, what is 5266b5f5 + -4?
5266b5f1
In base 3, what is -21122212220 - -1111100?
-21121101120
In base 5, what is -10023010312 - -3?
-10023010304
In base 11, what is -19 - 4988aa?
-498918
In base 15, what is 15594 - -257?
157eb
In base 6, what is 1204530 - -40?
1205010
In base 6, what is -12051322 + -1240?
-12053002
In base 3, what is 12102 - 20210222100?
-20210202221
In base 9, what is 27574 + 1781?
30465
In base 7, what is 161322 + -1206?
160113
In base 2, what is -10001001011000 - -1010110111000100?
1000101101101100
In base 5, what is -121041312424 - -10?
-121041312414
In base 14, what is 42121 - 1d2?
41d2d
In base 4, what is 21313201212310 - 10?
21313201212300
In base 16, what is -40 + acfd9?
acf99
In base 2, what is -110111010100000 - -1000100110101?
-101110101101011
In base 11, what is 1950673a - 1?
19506739
In base 7, what is -13110062 + 22?
-13110040
In base 13, what is -9a + a1704a?
a16c80
In base 3, what is -1111202002 - -1010110?
-1110121122
In base 6, what is 0 + 335402053?
335402053
In base 8, what is -20 - -1015367?
1015347
In base 3, what is -10121101122 - -1012202?
-10120011220
In base 2, what is -1011110110 - 10001011110101111100?
-10001100000001110010
In base 9, what is 131553106 - 1?
131553105
In base 10, what is -71 + 24245?
24174
In base 7, what is 355 - 4556061?
-4555403
In base 5, what is 122131132213 - -11?
122131132224
In base 11, what is 19609 - 904?
18805
In base 7, what is -3066361552 - 5?
-3066361560
In base 2, what is -1010100 - 1110010100100010101?
-1110010100101101001
In base 10, what is 2084441 + 4?
2084445
In base 4, what is -1 + 11131132302010?
11131132302003
In base 14, what is 51375 + -12c?
51247
In base 4, what is 30210 + -302133?
-211323
In base 15, what is 436 + 5681?
5ab7
In base 6, what is -1523525 - 1434?
-1525403
In base 6, what is -23 + 3033324511?
3033324444
In base 2, what is -110100011111 - 1101001011011?
-10011101111010
In base 15, what is 1 - -62a7c9b?
62a7c9c
In base 6, what is -12135 - -341335?
325200
In base 11, what is -1559 + a7a?
-58a
In base 12, what is 42666 - 5b5?
42071
In base 5, what is -10 - -202330314433?
202330314423
In base 4, what is 2133 + -123331111?
-123322312
In base 13, what is c - 4c5a10?
-4c5a01
In base 9, what is 23 + 10540311?
10540334
In base 4, what is -30133122 + 3110?
-30130012
In base 3, what is -212122010 + -2010000202?
-2222122212
In base 6, what is -1112435 - -1324?
-1111111
In base 10, what is -84961 + 5819?
-79142
In base 3, what is -202020 + 12121101?
11212011
In base 4, what is -131 - -2010303231?
2010303100
In base 9, what is 1280461 - 124?
1280336
In base 16, what is 2bd03c6 - -3?
2bd03c9
In base 11, what is 369a2 + -176?
36827
In base 3, what is -101220200020020120 + 12?
-101220200020020101
In base 11, what is 8199 - -9528?
16716
In base 5, what is 132230 - -130142?
312422
In base 5, what is 442201112 - 4?
442201103
In base 15, what is -3601d - 1be?
-361dc
In base 6, what is 5 + 112153022?
112153031
In base 9, what is -63821678 - 5?
-63821684
In base 8, what is -3015 + -573?
-3610
In base 11, what is -285a33a + -3?
-285a342
In base 4, what is -300202 + -23013220?
-23320022
In base 4, what is 2112032010 + -1203?
2112030201
In base 11, what is 0 + -28062325?
-28062325
In base 2, what is -10010101010000001110011 - 110?
-10010101010000001111001
In base 15, what is -1 - -683013?
683012
In base 8, what is 143 + 1020636?
1021001
In base 16, what is -bf8d + -45a?
-c3e7
In base 16, what is 27fd - -2591?
4d8e
In base 4, what is -1330020033332 - -3?
-1330020033323
In base 9, what is -3761606 - -23?
-3761573
In base 2, what is -101011000101 - 111110110?
-110010111011
In base 4, what is -2002 + 10002331?
10000323
In base 5, what is 120042031203 - 0?
120042031203
In base 11, what is -229486456 + -3?
-229486459
In base 7, what is -2623 + 14560?
11634
In base 14, what is -590d07c + 3?
-590d079
In base 14, what is 7231d - 1?
7231c
In base 15, what is 203d0cd - 3?
203d0ca
In base 14, what is 1271 + 6c4a?
80bb
In base 10, what is -409221 - -405?
-408816
In base 11, what is 89248083 - -9?
89248091
In base 7, what is 636133 + 102?
636235
In base 11, what is 6 - -288196?
2881a1
In base 16, what is 10093e - 3?
10093b
In base 2, what is 1 - -1000001100011111010001100000?
1000001100011111010001100001
In base 15, what is 21 - -1d4a24?
1d4a45
In base 9, what is -4024252 - 1?
-4024253
In base 9, what is 334327375 - 1?
334327374
In base 10, what is 18 + 75242?
75260
In base 16, what is -1b4aa9 - 53?
-1b4afc
In base 4, what is -311310220 - 12?
-311310232
In base 6, what is 4101125 + -1?
4101124
In base 14, what is -41aac - 201?
-41cad
In base 12, what is 34044 + 98?
34120
In base 16, what is -29 + -5e4b?
-5e74
In base 5, what is 34224 - 2323421?
-2234142
In base 6, what is 132 - -55423205?
55423341
In base 6, what is 2442442 + 14?
2442500
In base 5, what is 2000 + -112342314?
-112340314
In base 7, what is -142465 + -163?
-142661
In base 4, what is -112111 + -3302002?
-10020113
In base 6, what is 201135 + -43320?
113415
In base 15, what is c1d22b - b?
c1d220
In base 7, what is -532316 - -101?
-532215
In base 8, what is 1311403451 - 2?
1311403447
In base 9, what is 4 - 3364822?
-3364817
In base 15, what is -4c + 9c6c9e?
9c6c52
In base 15, what is 13 - -83e14?
83e27
In base 12, what is -3b300 + 206?
-3b0b6
In base 12, what is a82 - -1360?
2222
In base 2, what is 100110001100001101 - -1111100000?
100110011011101101
In base 14, what is -605b1 + 2d?
-60582
In base 14, what is b822235 + 8?
b82223d
In base 7, what is 4 + -22344045?
-22344041
In base 11, what is 3a8591 - 18?
3a8574
In base 5, what is 23230034 + 3?
23230042
In base 11, what is -437028a + -4?
-4370293
In base 5, what is -204441342 - 1114?
-204443011
In base 11, what is -2 - 3561100?
-3561102
In base 11, what is -2 + 14737859?
14737857
In base 15, what is -24d + -1acd?
-1d2b
In base 10, what is 9373241 - -1?
9373242
In base 14, what is 2a + 29cad?
29cd9
In base 7, what is -13 + 560451645?
560451632
In base 13, what is 7626 - -b9?
7712
In base 10, what is 2080 + -14866?
-12786
In base 11, what is 333 - -440814?
441047
In base 16, what is dfb - 16ede?
-160e3
In base 5, what is -110231230101 - -4?
-110231230042
In base 4, what is -2200210303 + 1132?
-2200203111
In base 15, what is -40d1e + -cb1?
-41ad0
In base 4, what is 33 - 1320101222203?
-1320101222110
In base 11, what is -11a95a8 - -34?
-11a9574
In base 6, what is 20 + 35143555?
35144015
In base 2, what is -10101 + -11001001000000100?
-11001001